Last updated on 2022-09-11 12:56:30 CEST.
Flavor | Version | Tinstall | Tcheck | Ttotal | Status | Flags |
---|---|---|---|---|---|---|
r-devel-linux-x86_64-debian-clang | 0.1.2 | 4.62 | 47.11 | 51.73 | NOTE | |
r-devel-linux-x86_64-debian-gcc | 0.1.2 | 3.62 | 34.60 | 38.22 | NOTE | |
r-devel-linux-x86_64-fedora-clang | 0.1.2 | 72.59 | NOTE | |||
r-devel-linux-x86_64-fedora-gcc | 0.1.2 | 69.35 | NOTE | |||
r-devel-windows-x86_64 | 0.1.2 | 9.00 | 71.00 | 80.00 | NOTE | |
r-patched-linux-x86_64 | 0.1.2 | 3.90 | 43.55 | 47.45 | NOTE | |
r-release-linux-x86_64 | 0.1.2 | 4.42 | 43.87 | 48.29 | NOTE | |
r-release-macos-arm64 | 0.1.2 | 25.00 | NOTE | |||
r-release-macos-x86_64 | 0.1.2 | 43.00 | NOTE | |||
r-release-windows-x86_64 | 0.1.2 | 11.00 | 69.00 | 80.00 | NOTE | |
r-oldrel-macos-arm64 | 0.1.2 | 25.00 | NOTE | |||
r-oldrel-macos-x86_64 | 0.1.2 | 39.00 | NOTE | |||
r-oldrel-windows-ix86+x86_64 | 0.1.2 | 12.00 | 69.00 | 81.00 | NOTE |
Version: 0.1.2
Check: LazyData
Result: NOTE
'LazyData' is specified without a 'data' directory
Flavors: r-devel-linux-x86_64-debian-clang, r-devel-linux-x86_64-debian-gcc, r-devel-linux-x86_64-fedora-clang, r-devel-linux-x86_64-fedora-gcc, r-devel-windows-x86_64, r-patched-linux-x86_64, r-release-linux-x86_64, r-release-macos-arm64, r-release-macos-x86_64, r-release-windows-x86_64, r-oldrel-macos-arm64, r-oldrel-macos-x86_64, r-oldrel-windows-ix86+x86_64