Last updated on 2022-09-11 12:56:27 CEST.
Flavor | Version | Tinstall | Tcheck | Ttotal | Status | Flags |
---|---|---|---|---|---|---|
r-devel-linux-x86_64-debian-clang | 0.1 | 23.19 | 65.23 | 88.42 | OK | |
r-devel-linux-x86_64-debian-gcc | 0.1 | 19.21 | 49.30 | 68.51 | OK | |
r-devel-linux-x86_64-fedora-clang | 0.1 | 124.39 | NOTE | |||
r-devel-linux-x86_64-fedora-gcc | 0.1 | 124.90 | OK | |||
r-devel-windows-x86_64 | 0.1 | 33.00 | 75.00 | 108.00 | NOTE | |
r-patched-linux-x86_64 | 0.1 | 24.88 | 62.58 | 87.46 | OK | |
r-release-linux-x86_64 | 0.1 | 26.09 | 62.49 | 88.58 | OK | |
r-release-macos-arm64 | 0.1 | 39.00 | NOTE | |||
r-release-macos-x86_64 | 0.1 | 55.00 | NOTE | |||
r-release-windows-x86_64 | 0.1 | 30.00 | 75.00 | 105.00 | NOTE | |
r-oldrel-macos-arm64 | 0.1 | 47.00 | NOTE | |||
r-oldrel-macos-x86_64 | 0.1 | 82.00 | NOTE | |||
r-oldrel-windows-ix86+x86_64 | 0.1 | 59.00 | 81.00 | 140.00 | NOTE |
Version: 0.1
Check: installed package size
Result: NOTE
installed size is 5.5Mb
sub-directories of 1Mb or more:
R 2.7Mb
extdata 2.7Mb
Flavors: r-devel-linux-x86_64-fedora-clang, r-devel-windows-x86_64, r-release-macos-arm64, r-release-macos-x86_64, r-release-windows-x86_64, r-oldrel-macos-arm64, r-oldrel-macos-x86_64, r-oldrel-windows-ix86+x86_64