Last updated on 2022-09-11 12:56:18 CEST.
Flavor | Version | Tinstall | Tcheck | Ttotal | Status | Flags |
---|---|---|---|---|---|---|
r-devel-linux-x86_64-debian-clang | 2.1-1 | 11.84 | 75.23 | 87.07 | NOTE | |
r-devel-linux-x86_64-debian-gcc | 2.1-1 | 8.72 | 57.91 | 66.63 | NOTE | |
r-devel-linux-x86_64-fedora-clang | 2.1-1 | 113.09 | NOTE | |||
r-devel-linux-x86_64-fedora-gcc | 2.1-1 | 112.02 | NOTE | |||
r-devel-windows-x86_64 | 2.1-1 | 16.00 | 95.00 | 111.00 | NOTE | |
r-patched-linux-x86_64 | 2.1-1 | 12.84 | 70.73 | 83.57 | OK | |
r-release-linux-x86_64 | 2.1-1 | 9.54 | 74.00 | 83.54 | OK | |
r-release-macos-arm64 | 2.1-1 | 35.00 | OK | |||
r-release-macos-x86_64 | 2.1-1 | 48.00 | OK | |||
r-release-windows-x86_64 | 2.1-1 | 15.00 | 98.00 | 113.00 | OK | |
r-oldrel-macos-arm64 | 2.1-1 | 40.00 | OK | |||
r-oldrel-macos-x86_64 | 2.1-1 | 66.00 | OK | |||
r-oldrel-windows-ix86+x86_64 | 2.1-1 | 23.00 | 118.00 | 141.00 | OK |
Version: 2.1-1
Check: HTML version of manual
Result: NOTE
Found the following math rendering problems:
fso.Rd:44: Can't use function '$' in math mode in (correlations $>=$ observed + ...
Flavors: r-devel-linux-x86_64-debian-clang, r-devel-linux-x86_64-debian-gcc, r-devel-linux-x86_64-fedora-clang, r-devel-linux-x86_64-fedora-gcc, r-devel-windows-x86_64