Last updated on 2022-09-11 12:56:14 CEST.
Flavor | Version | Tinstall | Tcheck | Ttotal | Status | Flags |
---|---|---|---|---|---|---|
r-devel-linux-x86_64-debian-clang | 0.6-14 | 6.05 | 69.91 | 75.96 | OK | |
r-devel-linux-x86_64-debian-gcc | 0.6-14 | 6.04 | 53.65 | 59.69 | OK | |
r-devel-linux-x86_64-fedora-clang | 0.6-14 | 113.78 | OK | |||
r-devel-linux-x86_64-fedora-gcc | 0.6-14 | 109.70 | OK | |||
r-devel-windows-x86_64 | 0.6-14 | 23.00 | 119.00 | 142.00 | OK | |
r-patched-linux-x86_64 | 0.6-14 | 7.05 | 67.17 | 74.22 | OK | |
r-release-linux-x86_64 | 0.6-14 | 6.66 | 68.14 | 74.80 | OK | |
r-release-macos-arm64 | 0.6-14 | 29.00 | NOTE | |||
r-release-macos-x86_64 | 0.6-14 | 45.00 | OK | |||
r-release-windows-x86_64 | 0.6-14 | 21.00 | 117.00 | 138.00 | OK | |
r-oldrel-macos-arm64 | 0.6-14 | 42.00 | OK | |||
r-oldrel-macos-x86_64 | 0.6-14 | 62.00 | OK | |||
r-oldrel-windows-ix86+x86_64 | 0.6-14 | 15.00 | 98.00 | 113.00 | OK |
Version: 0.6-14
Check: package dependencies
Result: NOTE
Package suggested but not available for checking: ‘multtest’
Flavor: r-release-macos-arm64