Last updated on 2022-09-11 12:56:14 CEST.
Flavor | Version | Tinstall | Tcheck | Ttotal | Status | Flags |
---|---|---|---|---|---|---|
r-devel-linux-x86_64-debian-clang | 0.1.0 | 2.56 | 25.19 | 27.75 | NOTE | |
r-devel-linux-x86_64-debian-gcc | 0.1.0 | 2.13 | 19.55 | 21.68 | NOTE | |
r-devel-linux-x86_64-fedora-clang | 0.1.0 | 44.53 | NOTE | |||
r-devel-linux-x86_64-fedora-gcc | 0.1.0 | 43.46 | NOTE | |||
r-devel-windows-x86_64 | 0.1.0 | 20.00 | 53.00 | 73.00 | NOTE | |
r-patched-linux-x86_64 | 0.1.0 | 2.19 | 24.04 | 26.23 | NOTE | |
r-release-linux-x86_64 | 0.1.0 | 2.67 | 24.47 | 27.14 | NOTE | |
r-release-macos-arm64 | 0.1.0 | 15.00 | NOTE | |||
r-release-macos-x86_64 | 0.1.0 | 22.00 | NOTE | |||
r-release-windows-x86_64 | 0.1.0 | 9.00 | 50.00 | 59.00 | NOTE | |
r-oldrel-macos-arm64 | 0.1.0 | 24.00 | NOTE | |||
r-oldrel-macos-x86_64 | 0.1.0 | 29.00 | NOTE | |||
r-oldrel-windows-ix86+x86_64 | 0.1.0 | 6.00 | 46.00 | 52.00 | NOTE |
Version: 0.1.0
Check: LazyData
Result: NOTE
'LazyData' is specified without a 'data' directory
Flavors: r-devel-linux-x86_64-debian-clang, r-devel-linux-x86_64-debian-gcc, r-devel-linux-x86_64-fedora-clang, r-devel-linux-x86_64-fedora-gcc, r-devel-windows-x86_64, r-patched-linux-x86_64, r-release-linux-x86_64, r-release-macos-arm64, r-release-macos-x86_64, r-release-windows-x86_64, r-oldrel-macos-arm64, r-oldrel-macos-x86_64, r-oldrel-windows-ix86+x86_64