Last updated on 2022-09-11 12:56:13 CEST.
Flavor | Version | Tinstall | Tcheck | Ttotal | Status | Flags |
---|---|---|---|---|---|---|
r-devel-linux-x86_64-debian-clang | 0.9-2 | 3.47 | 33.69 | 37.16 | OK | |
r-devel-linux-x86_64-debian-gcc | 0.9-2 | 3.51 | 26.64 | 30.15 | OK | |
r-devel-linux-x86_64-fedora-clang | 0.9-2 | 60.44 | OK | |||
r-devel-linux-x86_64-fedora-gcc | 0.9-2 | 59.33 | OK | |||
r-devel-windows-x86_64 | 0.9-2 | 11.00 | 60.00 | 71.00 | OK | |
r-patched-linux-x86_64 | 0.9-2 | 3.84 | 32.54 | 36.38 | OK | |
r-release-linux-x86_64 | 0.9-2 | 3.27 | 33.29 | 36.56 | OK | |
r-release-macos-arm64 | 0.9-2 | 20.00 | OK | |||
r-release-macos-x86_64 | 0.9-2 | 29.00 | OK | |||
r-release-windows-x86_64 | 0.9-2 | 12.00 | 58.00 | 70.00 | OK | |
r-oldrel-macos-arm64 | 0.9-2 | 24.00 | NOTE | |||
r-oldrel-macos-x86_64 | 0.9-2 | 36.00 | OK | |||
r-oldrel-windows-ix86+x86_64 | 0.9-2 | 11.00 | 68.00 | 79.00 | OK |
Version: 0.9-2
Check: package dependencies
Result: NOTE
Package suggested but not available for checking: ‘RODBC’
Flavor: r-oldrel-macos-arm64