Last updated on 2022-09-11 12:56:13 CEST.
Flavor | Version | Tinstall | Tcheck | Ttotal | Status | Flags |
---|---|---|---|---|---|---|
r-devel-linux-x86_64-debian-clang | 1.0.1 | 2.22 | 42.43 | 44.65 | OK | |
r-devel-linux-x86_64-debian-gcc | 1.0.1 | 1.62 | 31.41 | 33.03 | OK | |
r-devel-linux-x86_64-fedora-clang | 1.0.1 | 56.92 | OK | |||
r-devel-linux-x86_64-fedora-gcc | 1.0.1 | 62.37 | OK | |||
r-devel-windows-x86_64 | 1.0.1 | 18.00 | 64.00 | 82.00 | OK | |
r-patched-linux-x86_64 | 1.0.1 | 2.54 | 38.86 | 41.40 | OK | |
r-release-linux-x86_64 | 1.0.1 | 2.39 | 38.71 | 41.10 | OK | |
r-release-macos-arm64 | 1.0.1 | 18.00 | OK | |||
r-release-macos-x86_64 | 1.0.1 | 28.00 | NOTE | |||
r-release-windows-x86_64 | 1.0.1 | 36.00 | 61.00 | 97.00 | OK | |
r-oldrel-macos-arm64 | 1.0.1 | 23.00 | OK | |||
r-oldrel-macos-x86_64 | 1.0.1 | 88.00 | OK | |||
r-oldrel-windows-ix86+x86_64 | 1.0.1 | 5.00 | 62.00 | 67.00 | OK |
Version: 1.0.1
Check: package dependencies
Result: NOTE
Package suggested but not available for checking: ‘BayesTree’
Flavor: r-release-macos-x86_64